tor of 518?
False
Is 18612 a multiple of 9?
True
Does 6 divide 504?
True
Does 12 divide 70?
False
Is 114 a factor of 22116?
True
Is 39 a multiple of 2?
False
Does 135 divide 21465?
True
Does 58 divide 3505?
False
Does 27 divide 4806?
True
Is 16 a factor of 1088?
True
Is 52 a factor of 3465?
False
Is 47738 a multiple of 22?
False
Is 22 a factor of 469?
False
Does 197 divide 53476?
False
Is 42 a multiple of 18?
False
Does 49 divide 17689?
True
Does 52 divide 343?
False
Is 648 a multiple of 12?
True
Is 459 a multiple of 3?
True
Is 48 a factor of 1660?
False
Is 15 a factor of 5535?
True
Is 69737 a multiple of 34?
False
Is 6468 a multiple of 231?
True
Is 9414 a multiple of 9?
True
Is 218 a factor of 15914?
True
Does 38 divide 1315?
False
Does 4 divide 12?
True
Is 231 a factor of 21483?
True
Is 270 a multiple of 15?
True
Is 2 a factor of 4866?
True
Is 26 a factor of 1326?
True
Does 72 divide 46223?
False
Is 33 a factor of 4422?
True
Is 7173 a multiple of 50?
False
Does 15 divide 341?
False
Is 1975 a multiple of 49?
False
Is 16416 a multiple of 72?
True
Does 16 divide 20160?
True
Is 1328 a multiple of 16?
True
Does 85 divide 3485?
True
Does 104 divide 3321?
False
Is 6527 a multiple of 107?
True
Is 13 a factor of 2949?
False
Does 60 divide 5671?
False
Does 82 divide 1269?
False
Is 40 a factor of 27480?
True
Is 3168 a multiple of 11?
True
Is 41 a factor of 1590?
False
Does 30 divide 14730?
True
Is 183 a factor of 16375?
False
Is 4 a factor of 87?
False
Is 1828 a multiple of 12?
False
Does 33 divide 3069?
True
Is 95 a multiple of 19?
True
Does 8 divide 496?
True
Does 30 divide 545?
False
Is 14 a factor of 798?
True
Is 182 a multiple of 33?
False
Is 19 a factor of 8539?
False
Is 42 a factor of 48?
False
Is 22829 a multiple of 37?
True
Is 535 a multiple of 9?
False
Does 4 divide 881?
False
Is 13 a factor of 472?
False
Is 873 even?
False
Is 26 a factor of 1118?
True
Is 9062 a multiple of 92?
False
Does 64 divide 1951?
False
Is 55075 a multiple of 158?
False
Is 3564 a multiple of 18?
True
Is 1293 a multiple of 33?
False
Does 8 divide 2064?
True
Is 9 a factor of 1732?
False
Is 300 a multiple of 10?
True
Does 93 divide 5042?
False
Does 67 divide 2010?
True
Does 23 divide 667?
True
Does 15 divide 969?
False
Is 111 a factor of 23709?
False
Is 4290 a multiple of 39?
True
Is 32 a factor of 181?
False
Does 8 divide 382?
False
Is 14 a factor of 18479?
False
Is 18 a factor of 45328?
False
Is 69 a factor of 359?
False
Is 29 a factor of 3529?
False
Does 9 divide 3436?
False
Is 16 a factor of 146918?
False
Is 888 a multiple of 74?
True
Does 165 divide 9008?
False
Does 182 divide 6086?
False
Is 58 a factor of 12180?
True
Is 8 a factor of 4680?
True
Is 14 a factor of 826?
True
Is 32 a factor of 86714?
False
Is 184 a factor of 14536?
True
Does 7 divide 3976?
True
Does 26 divide 10996?
False
Does 11 divide 2122?
False
Is 47 a factor of 1692?
True
Is 29834 a multiple of 7?
True
Is 14338 a multiple of 107?
True
Is 1248 a multiple of 52?
True
Is 11 a factor of 2574?
True
Is 49 a factor of 805?
False
Is 56 a factor of 2330?
False
Is 473 a multiple of 33?
False
Is 462 a multiple of 21?
True
Is 38 a factor of 9953?
False
Is 22 a factor of 430?
False
Is 93150 a multiple of 69?
True
Is 294 a multiple of 7?
True
Does 30 divide 2541?
False
Is 786 a multiple of 6?
True
Does 80 divide 44911?
False
Does 23 divide 6593?
False
Is 13 a factor of 1007?
False
Is 197 a multiple of 14?
False
Is 435 a multiple of 29?
True
Is 67 a factor of 14869?
False
Does 5 divide 1858?
False
Does 7 divide 35763?
True
Does 14 divide 9114?
True
Is 41 a factor of 61623?
True
Is 358 a multiple of 44?
False
Is 294 a multiple of 49?
True
Does 196 divide 19734?
False
Is 5 a factor of 1030?
True
Is 6027 a multiple of 18?
False
Does 24 divide 504?
True
Does 4 divide 852?
True
Is 13 a factor of 117?
True
Is 3717 a multiple of 59?
True
Is 19710 a multiple of 151?
False
Is 10 a factor of 160?
True
Is 3883 even?
False
Is 231 a factor of 20973?
False
Is 2720 a multiple of 68?
True
Is 1560 a multiple of 12?
True
Is 7 a factor of 9977?
False
Does 142 divide 710?
True
Is 13 a factor of 5003?
False
Is 8 a factor of 2544?
True
Is 19 a factor of 2584?
True
Does 8 divide 326?
False
Does 8 divide 2124?
False
Is 932 a multiple of 25?
False
Does 23 divide 1035?
True
Is 1055 a multiple of 36?
False
Does 3 divide 11669?
False
Does 11 divide 18678?
True
Does 15 divide 165?
True
Is 7 a factor of 812?
True
Is 12 a factor of 3058?
False
Is 16 a factor of 1812?
False
Is 10 a factor of 9430?
True
Is 945 a multiple of 7?
True
Is 12 a factor of 1094?
False
Is 87 a factor of 23468?
False
Does 25 divide 2700?
True
Is 210 a multiple of 12?
False
Does 106 divide 16856?
False
Is 2320 a multiple of 116?
True
Is 239 a multiple of 7?
False
Does 27 divide 2135?
False
Is 860 a multiple of 20?
True
Is 22 a factor of 572?
True
Does 15 divide 3296?
False
Does 108 divide 54493?
False
Does 62 divide 5815?
False
Is 23 a factor of 46322?
True
Is 3640 a multiple of 7?
True
Is 1279 a multiple of 23?
False
Does 2 divide 218?
True
Does 22 divide 13007?
False
Does 45 divide 113400?
True
Does 56 divide 4368?
True
Is 954 a multiple of 37?
False
Is 10764 a multiple of 46?
True
Does 73 divide 16790?
True
Is 17 a factor of 99160?
False
Does 9 divide 12708?
True
Is 8 a factor of 32?
True
Is 5551 a multiple of 7?
True
Does 22 divide 8944?
False
Is 2 a factor of 219?
False
Does 16 divide 1514?
False
Is 21 a factor of 31655?
False
Does 14 divide 2610?
False
Does 108 divide 4968?
True
Does 19 divide 2642?
False
Does 18 divide 14050?
False
Is 1069 even?
False
Does 131 divide 1308?
False
Is 85 a multiple of 5?
True
Is 38 a factor of 2665?
False
Is 5 a factor of 181?
False
Is 10266 a multiple of 26?
False
Does 5 divide 950?
True
Is 14 a factor of 5180?
True
Is 47 a factor of 24111?
True
Is 81 a factor of 4941?
True
Does 34 divide 4998?
True
Does 10 divide 75667?
False
Does 199 divide 17988?
False
Is 1084 a multiple of 3?
False
Is 1559 a multiple of 21?
False
Does 205 divide 35055?
True
Does 33 divide 4700?
False
Does 24 divide 4547?
False
Is 3 a factor of 2458?
False
Does 100 divide 8754?
False
Is 720 a multiple of 72?
True
Is 35 a factor of 14654?
False
Is 3204 a multiple of 18?
True
Is 4 a factor of 7859?
False
Is 16785 a multiple of 45?
True
Does 3 divide 21716?
False
Is 913 a multiple of 155?
False
Is 29 a factor of 918?
False
Is 65 a factor of 9165?
True
Is 80 a multiple of 10?
True
Does 10 divide 140?
True
Does 180 divide 9061?
False
Is 8 a factor of 3134?
False
Does 140 divide 35560?
True
Is 244 a factor of 4880?
True
Is 56 a multiple of 10?
False
Is 29478 a multiple of 31?
False
Is 8 a factor of 18424?
True
Is 11491 a multiple of 104?
False
Does 26 divide 6364?
False
Is 200 a multiple of 20?
True
Is 115 a multiple of 2?
False
Is 527 a multiple of 72?
False
Is 6503 a multiple of 55?
False
Is 1566 a multiple of 19?
False
Is 1697 a multiple of 5?
False
Is 41 a factor of 10537?
True
Is 496 a multiple of 37?
False
Is 75 a factor of 1793?
False
Is 555 a multiple of 9?
False
Is 24 a factor of 840?
True
Is 61 a factor of 1450?
False
Is 101 a factor of 12934?
False
Does 15 divide 105?
True
Does 21 divide 1155?
True
Is 1659 a multiple of 90?
False
Is 1666 a multiple of 12?
False
Is 12818 a multiple of 17?
True
Is 9 a factor of 11583?
True
Is 18 a factor of 207?
False
Does 22 divide 3762?
True
Is 30 a factor of 9516?
False
Is 103 a factor of 16274?
True
Does 48 divide 8693?
False
Is 3 a factor of 279?
True
Is 5 a factor of 115?
True
Does 322 divide 9140?
False
Is 2 a factor of 654?
True
Is 141 a multiple of 4?
False
Does 10 divide 50?
True
Is 44367 a multiple of 10?
False
Does 18 divide 558?
True
Is 154 a factor of 94248?
True
Does 5 divide 19860?
True
Is 7202 a multiple of 26?
True
Does 3 divide 552?
True
Is 16 a factor of 1298?
False
Is 44 a factor of 1100?
True
Does 18 divide 1602?
True
Is 20 a factor of 1922?
False
Is 18190 a multiple of 34?
True
Is 25918 a multiple of 38?
False
Is 181 a factor of 16109?
True
Is 108 a factor of 26028?
True
Is 3 a factor of 5077?
False
Is 17 a factor of 3060?
True
Does 2 divide 356?
True
Does 10 divide 21571?
False
Is 6816 a multiple of 12?
True
Is 9 a factor of 4915?
False
Is 59 a multiple of 4?
False
Is 1092 a multiple of 26?
True
Is 